 = 4*h + 4*n + 47 + 1, 5*h - n = -72. Let i = 8 + h. Determine y(i).
-3
Let a(j) = -2*j - 6. Suppose q = i - 18, 106 = -i + 6*i + 3*q. Suppose 0 = -0*c + 4*c + i. Give a(c).
4
Suppose 0 = -2*k + 3*g + 18, 8 = -2*k - 2*k - 5*g. Let u(a) = 6 - 4*a + k*a - 2. What is u(6)?
-2
Let f(n) = n**3 + 6*n**2 - 1. Let j = -24 - -40. Suppose 4*k + 8 + j = 0. Give f(k).
-1
Let v(g) be the third derivative of -g**6/120 - g**5/10 + g**4/12 + 5*g**3/6 + 4*g**2. What is v(-6)?
-7
Let j(g) = g**2 + 5*g + 4. Suppose -4*v - 9 - 7 = 0. Determine j(v).
0
Suppose -4*c + 7*b - 96 = 3*b, 0 = 3*c - b + 64. Let a be (-1 + 2)/((-5)/c). Let z(g) = 2*g - 3. What is z(a)?
5
Let x(y) be the second derivative of 0*y**2 - 1/6*y**3 - y + 0 - 1/2*y**4. Let g = 1 + -2. Give x(g).
-5
Suppose v = -4*z + 15, 27 = 2*z + 3*z + 4*v. Let i = z - 0. Let t(f) = f**3 - 2*f**2 - 2*f + 3. Determine t(i).
6
Let u(b) = 4*b + 7. Let n be u(-3). Let i = n + 8. Let r(v) = v**3 - 4*v**2 + 2*v - 1. Determine r(i).
-4
Let i(c) = 5*c - 13. Let h(z) = -2*z + 4. Let m(k) = 8*h(k) + 3*i(k). Let o = -6 + 7. Suppose -4*b = 5*d - 4, -3*b = 2*d - 4 + o. What is m(d)?
-7
Suppose 0 = 4*u + u + 4*m - 11, 2*u = -4*m + 14. Let t be (-3*(-6)/9)/2. Let g(l) = 0 - t - 2*l - 3*l**2 + 6*l**2. What is g(u)?
4
Let l(y) = 9*y**3 - 2*y**2 - y. Suppose 4*o + 7 = -3*o. Give l(o).
-10
Let q be 24/(-42) - ((-36)/14 + 3). Let p(s) = -3*s**3 - 2*s**2 - 2*s - 1. Calculate p(q).
2
Let q(p) = p**3 + 1. Let d(k) = k**3 - 3*k**2 - 9*k - 1. Let u be d(5). Suppose -3 = -o + u*o. Calculate q(o).
0
Let x(u) = u**2. Let y(q) = q**2 - 3*q + 1. Let p(r) = r**3 - 2*r + 1. Let i be p(1). Suppose -z = -i + 2. Let g(f) = z*x(f) + y(f). What is g(-3)?
1
Suppose 2*s = -2*s. Suppose s*g = -3*g + 9. Let p(u) = 0*u**2 + u**g - 3*u**2 + 8*u**2 + 4*u. Calculate p(-3).
6
Let f(j) = j - 5. Let b(s) = -s + 3. Let w(q) = 3*b(q) + 2*f(q). What is w(-1)?
0
Let w(k) = -k + k**3 + 2*k + 4*k**2 - 1 - 2*k. Let l be (3 - 1) + 0 + -6. Determine w(l).
3
Let l(u) be the second derivative of 5*u**4/12 - u**3/6 + 21*u. What is l(1)?
4
Let i(y) be the first derivative of -y**4/4 - 4*y**3/3 + 4*y**2 + 2*y + 26. Calculate i(-6).
26
Let r = 1 - 4. Let p(y) = y**3 - 2*y + 1. Let n(g) = 4*g**3 + 4*g**2 - 4*g + 3. Let j(c) = n(c) - 3*p(c). Give j(r).
3
Let r be 40/7 + (-4)/(-14). Suppose 0*t - 5*l - r = -t, t + 4*l = -3. Let n be 1 + 1 - t - -3. Let m(a) = a**3 - 3*a**2 - 2*a + 1. What is m(n)?
9
Let f(i) = -4*i**3 - 11*i**2 - 3*i - 9. Let c(l) = 2*l**3 + 6*l**2 + 2*l + 5. Let v(y) = y**2 - 3*y. Let s be v(4). Let h(a) = s*f(a) + 7*c(a). Calculate h(1).
-3
Let h(l) = -l**3 + 2*l**2 + 7*l - 5. Let y(k) = -k**2 + k + 15. Let w be y(0). Let q = w + -6. Let i = q + -5. Give h(i).
-9
Let q(h) be the first derivative of 3 + 6*h + 1/2*h**2. Let s(d) = d**3 + 3*d**2 - 3*d - 1. Let z be s(-4). Give q(z).
1
Let s(n) = -n**2 - 4*n + 3. Let w be s(-4). Let v(u) be the third derivative of u**4/24 + 6*u**2. What is v(w)?
3
Let j(b) be the second derivative of b**5/20 + 5*b**4/12 - 7*b**3/6 - 2*b**2 + 5*b. Determine j(-6).
2
Let w(t) = t**2 + 2*t - 1. Let n = -3 - 7. Let j = n - -6. Calculate w(j).
7
Let a(c) = -4 + 12*c**3 + 3 + 2 - 2*c**2. Determine a(1).
11
Let j(n) = 4*n**3 - 2*n**2 - n + 2. Let s(t) = 3 - t**2 + 0*t**3 - 2*t**2 - 2*t + 7*t**3. Let w(c) = 5*j(c) - 3*s(c). What is w(-2)?
3
Let s = 19 - 17. Let w(p) = -2*p + s + 2*p - p**3 + 4*p + 4*p**2. What is w(5)?
-3
Let q(u) = -3 + 414*u + 0*u**2 - 2 - 420*u - u**2. Determine q(-5).
0
Let z(k) = -2 - 3*k - 4*k**2 - k**3 + 2. Let f(x) = -x**3 - 8*x**2 - 7*x - 2. Let l be f(-7). Calculate z(l).
-2
Let n(i) = i**3 - 7*i**2 + i - 7. Let b(c) = -2*c**3 + 13*c**2 - 3*c + 13. Let t(k) = -3*b(k) - 5*n(k). What is t(3)?
-1
Let d(t) be the second derivative of t**5/20 + t**4/3 - t**3/3 - 2*t**2 - 2*t. Let x(r) = -5*r**2 + r + 2. Let u be x(-1). Calculate d(u).
4
Let v(y) = y**3 + 4*y**2 + 2*y - 3. Let t(w) = -8*w - 9. Let r(a) = -7*a - 8. Suppose -3*b + 8 = -7. Let g(q) = b*t(q) - 6*r(q). Let i be g(-3). Calculate v(i).
0
Let m(i) be the first derivative of i**2/2 + 1. Let d(t) = 2*t**2 + t - 4. Let r(u) = d(u) - 2*m(u). Give r(3).
11
Let l(i) = 8 - 3 - 7*i + 4*i. Give l(6).
-13
Let q(p) = 435 - 2*p - 216 - 215. Give q(-5).
14
Let j = 0 - 2. Let h = 7 + j. Let u(b) = b. Calculate u(h).
5
Let q(m) = -m**3 + 5*m**2 - m + 10. Let r(h) = -h**3 + 6*h**2 - h + 11. Let u(j) = -5*q(j) + 4*r(j). What is u(0)?
-6
Let q(h) be the second derivative of -h**5/20 - h**4/4 + h**3/3 - h**2 + 2*h. Let o = -126 - -123. What is q(o)?
-8
Let k(v) be the second derivative of v**3/2 - 3*v**2/2 + v. Let l(j) = -j**3 - 4*j**2 - 4*j - 1. Let x be l(-3). Calculate k(x).
3
Let f(o) be the first derivative of -o**4/4 + 2*o**3/3 + o**2/2 + 2*o - 2. Let n(j) = 4*j - 1. Let l be n(1). Calculate f(l).
-4
Let p be 48/(-26) + (-2)/13. Let s be 4/6*(-36)/p. Let w = s - 7. Let z(m) = m**3 - 5*m**2 + 2*m - 5. What is z(w)?
5
Let f(q) = q**2 + 2*q - 4. Suppose 2*d + 8 = -3*y, 5*y + 12 = -d - 2*d. Determine f(d).
4
Let x(z) be the third derivative of -z**6/120 - z**5/10 + z**4/4 - z**3/2 - 28*z**2. What is x(-7)?
4
Let f(y) be the second derivative of -y**5/20 - y**4/12 - 3*y**2/2 + 5*y. Give f(0).
-3
Let f(x) = -4*x**2 + 5*x + x**3 - 5*x + 2*x. Suppose 0 = -3*i - 8 - 4. Let m be (i/5)/((-1)/5). What is f(m)?
8
Let h(z) = z + 8. Let x(v) = v**2 + 4*v - 5. Let w be x(-5). Calculate h(w).
8
Let w(h) = -h**3 + 4*h**2 - 2*h + 2. Let a be w(4). Let o be (10/a)/(2/(-6)). Let t(i) = 0*i - 3*i + i + i. Calculate t(o).
-5
Suppose p + 3*s - 4 = 0, -4*p + 3*s + 2*s = -16. Let x(d) be the third derivative of d**6/120 - d**5/15 + d**4/24 - 2*d**3/3 - d**2. Calculate x(p).
0
Let p be (-6)/(-10) - 12/20. Suppose -3*x = 3*u - 8*u + 27, -2*x - 8 = p. Let j(s) = -3*s - 2. What is j(u)?
-11
Let o(t) = t**2 - 9*t + 8. Let w(n) = 2*n + 6. Let r be w(0). Determine o(r).
-10
Let m(b) = 3*b**2 + 14. Let y(u) = -2*u**2 - 9. Let i(q) = -5*m(q) - 8*y(q). Determine i(0).
2
Let q(k) = 2*k**2 + k**3 + 85 + 7*k + 5*k**2 - 93. Give q(-6).
-14
Suppose -5*k = 3*s + 16, -4*s + 3*k + 0*k = -27. Let x(h) be the second derivative of h**4/12 - h**3/6 - h**2 + h. What is x(s)?
4
Let b(k) = -k**3 - 2*k**2 + 2*k + 4. Let x(w) = w - 4. Let j be x(7). Suppose 20 = -3*u - 2*u + 5*r, r + 8 = -j*u. Determine b(u).
7
Let o be 21/(-28) - 7/(-4). Let k(t) = -t**2 - 7*t + 2*t**3 - o - t**3 - 3*t**2. Suppose -4*y + 15 + 5 = 0. Calculate k(y).
-11
Let k be 7 + (1 + -1 - 0). Let r(w) = w**2 - 7*w. Let i be r(k). Let j(d) = -3 + 4*d + i - d**2 + 4 - 4. Calculate j(4).
-3
Let v(w) be the first derivative of w**2/2 + 3*w + 1. Give v(-7).
-4
Let o be -3 + (0 - -2) + -2. Let f be 2 + (3 - -2) + o. Let h(z) = z**2 - 5*z + 5. What is h(f)?
1
Let w(v) = 4*v. Suppose -1 = -i - 2. What is w(i)?
-4
Let y(j) = -2*j**2 - j + 1. Let u(a) = -a**3 - a**2 - 14*a + 13. Let k(z) = -u(z) + 4*y(z). Calculate k(6).
15
Let p be ((-32)/(-20))/((-2)/(-5)). Let d(i) = 2 + 4*i**3 - 4 + 2*i - 3*i**3 - p*i**2. Give d(4).
6
Let p(b) = -6*b**2 + 5*b + 5. Suppose 3*i = -k - 0*k - 17, 4*k = 4. Let j(m) = 5*m**2 - 5*m - 4. Let v(l) = i*p(l) - 7*j(l). Determine v(-5).
-2
Let o(k) = -k**3 - 6*k**2 + 1. Suppose -r = -1 - 2. Let q be (-85)/15 - 1/r. Give o(q).
1
Let h(w) = -w**3 + 5*w**2 + 7*w - 4. Let r = -16 + 12. Let z be (-23)/r - (-6)/24. Determine h(z).
2
Let x(y) = y + 1. Let g = 4 - 1. Let c be 36/(-27)*g/2. What is x(c)?
-1
Let h be -3 + 2 + 1 + 6. Suppose 2*q - h = -q. Let v(b) be the third derivative of -b**6/120 + b**5/60 + b**4/6 - b**3/2 - b**2. What is v(q)?
1
Let j(u) be the second derivative of -u**3/6 + 2*u**2 - 2*u. Let b(g) = 2*g**2 + g - 1. Let p be b(1). Suppose 1 = p*i - 9. Determine j(i).
-1
Let d(l) = 5*l + 3. Let w(x) = -x - 1. Let p(o) = 2*d(o) + 9*w(o). Give p(7).
4
Let f(g) = 2*g**2 - 2*g - 1. Let p be f(2). Let m be 2/(-7) - (-16)/7. Suppose m = p*l - 2*l. Let t(u) = u**3 - u**2 + u - 1. Calculate t(l).
5
Let h(k) be the second derivative of 1/20*k**5 + 2/3*k**4 - 4*k + 0 - 5*k**2 + 5/6*k**3. Give h(-7).
4
Let r(z) = z**2 + 3*z - 4. Let y(n) = -5*n**2 + n - 2. Let s be y(1). Determine r(s).
14
Let p(x) = -11*x**3 - 2*x + 1. Suppose 0 = -0*d - 3*d + 9. Suppose c = 4*c - d. Determine p(c).
-12
Suppose 0 = -3*p + 6*p - 3. Let i(d) be the